factors of 175904905?
5, 11, 769, 4159
What are the prime factors of 132926947?
132926947
What are the prime factors of 83122542?
2, 3, 4617919
List the prime factors of 17123357.
2251, 7607
What are the prime factors of 60347815?
5, 11, 137, 8009
What are the prime factors of 1102917223?
1102917223
List the prime factors of 69138522.
2, 3, 71, 6011
What are the prime factors of 257734471?
257734471
What are the prime factors of 895198758?
2, 3, 379, 393667
List the prime factors of 629433011.
37, 43, 395621
What are the prime factors of 844527622?
2, 227, 1860193
List the prime factors of 168000432.
2, 3, 19, 184211
What are the prime factors of 119799360?
2, 3, 5, 41597
What are the prime factors of 442793015?
5, 7, 1987, 6367
List the prime factors of 221914295.
5, 193, 229963
List the prime factors of 5797151616.
2, 3, 809, 18661
List the prime factors of 131724283.
19, 6932857
List the prime factors of 220329017.
137, 1608241
What are the prime factors of 2410380351?
3, 43, 6228373
List the prime factors of 137018303.
53, 2585251
List the prime factors of 7671713704.
2, 97, 9886229
List the prime factors of 56872595.
5, 13, 101, 8663
What are the prime factors of 78227720?
2, 5, 1955693
What are the prime factors of 86082048?
2, 3, 13, 479
List the prime factors of 1502173782.
2, 3, 19, 43, 79, 431
What are the prime factors of 1330343?
7, 23, 8263
What are the prime factors of 60619183?
3121, 19423
List the prime factors of 811515992.
2, 7, 19, 23, 33161
What are the prime factors of 383186454?
2, 3, 7, 29, 314603
What are the prime factors of 51320663?
47, 97, 11257
What are the prime factors of 305793496?
2, 73, 593, 883
What are the prime factors of 44477701?
97, 458533
List the prime factors of 8841988.
2, 2210497
List the prime factors of 18708140.
2, 5, 11, 85037
List the prime factors of 5809273713.
3, 645474857
List the prime factors of 261276138.
2, 3, 29, 166843
What are the prime factors of 755426267?
755426267
List the prime factors of 1370538849.
3, 456846283
What are the prime factors of 1183155663?
3, 394385221
List the prime factors of 626074539.
3, 43, 151, 32141
List the prime factors of 556091283.
3, 11, 16851251
List the prime factors of 4625624152.
2, 9697, 59627
List the prime factors of 4745219443.
5669, 837047
List the prime factors of 174811534.
2, 87405767
List the prime factors of 2025338167.
2025338167
What are the prime factors of 230624298?
2, 3, 29, 83, 5323
What are the prime factors of 4645614?
2, 3, 19, 40751
What are the prime factors of 69137371?
19, 3638809
What are the prime factors of 192090760?
2, 5, 19, 197, 1283
List the prime factors of 2049302788.
2, 13, 157, 19309
List the prime factors of 215626617.
3, 101, 26357
List the prime factors of 1398143585.
5, 911, 306947
What are the prime factors of 321563875?
5, 983, 2617
List the prime factors of 884278033.
23, 38446871
List the prime factors of 503184948.
2, 3, 7, 5990297
What are the prime factors of 121809440?
2, 5, 137, 5557
List the prime factors of 206113836.
2, 3, 347, 49499
What are the prime factors of 21485423?
43, 499661
What are the prime factors of 566824562?
2, 283412281
List the prime factors of 34300391.
941, 36451
What are the prime factors of 8374945?
5, 1674989
What are the prime factors of 412541535?
3, 5, 7, 181, 443
List the prime factors of 669032385.
3, 5, 7, 6371737
List the prime factors of 2730618055.
5, 11, 2029, 24469
List the prime factors of 1623989220.
2, 3, 5, 7, 761, 5081
What are the prime factors of 21964615?
5, 43, 102161
What are the prime factors of 398515735?
5, 5393, 14779
List the prime factors of 273781643.
273781643
What are the prime factors of 615669766?
2, 293, 1050631
List the prime factors of 696954670.
2, 5, 971, 71777
What are the prime factors of 179981442?
2, 3, 9998969
List the prime factors of 1645751735.
5, 439, 749773
List the prime factors of 265096910.
2, 5, 13, 349, 5843
What are the prime factors of 115806338?
2, 29, 1289, 1549
What are the prime factors of 306546248?
2, 227, 168803
List the prime factors of 491633214.
2, 3, 41, 103, 19403
What are the prime factors of 3121608914?
2, 19, 911, 90173
What are the prime factors of 55235722?
2, 27617861
List the prime factors of 6152674374.
2, 3, 7, 11, 17, 261127
What are the prime factors of 11669795?
5, 31, 75289
List the prime factors of 948084490.
2, 5, 2741, 34589
What are the prime factors of 29682757?
13, 71, 32159
List the prime factors of 1647979458.
2, 3, 3037, 90439
What are the prime factors of 24313645?
5, 23, 113, 1871
List the prime factors of 291800450.
2, 5, 5836009
List the prime factors of 430351327.
7, 61478761
List the prime factors of 2363961476.
2, 590990369
List the prime factors of 1404506582.
2, 673, 1043467
List the prime factors of 83644026.
2, 3, 13940671
What are the prime factors of 280654089?
3, 67, 281, 4969
List the prime factors of 1256407791.
3, 1297, 322901
List the prime factors of 249499714.
2, 97, 1286081
What are the prime factors of 13318468?
2, 19, 31, 5653
What are the prime factors of 167910280?
2, 5, 4197757
List the prime factors of 1412925535.
5, 7, 23, 250741
What are the prime factors of 117866509?
117866509
What are the prime factors of 67674932?
2, 13, 107, 12163
List the prime factors of 83887374.
2, 3, 13981229
What are the prime factors of 4229589640?
2, 5, 59, 673, 2663
What are the prime factors of 1062732300?
2, 3, 5, 7, 41, 12343
What are the prime factors of 7423367?
7, 1060481
What are the prime factors of 275830827?
3, 47, 409, 4783
List the prime factors of 62959176.
2, 3, 7, 124919
List the prime factors of 1861478049.
3, 31, 20015893
List the prime factors of 69823226.
2, 11, 1481, 2143
What are the prime factors of 46633440?
2, 3, 5, 7, 13879
What are the prime factors of 183745478?
2, 7, 37, 229, 1549
What are the prime factors of 364271343?
3, 151, 277, 2903
List the prime factors of 453784428.
2, 3, 37, 461, 739
List the prime factors of 38330003.
38330003
List the prime factors of 6095306.
2, 7, 37, 41
List the prime factors of 162313192.
2, 61, 131, 2539
What are the prime factors of 4540799?
379, 11981
What are the prime factors of 2168947688?
2, 9743, 27827
List the prime factors of 203698244.
2, 50924561
List the prime factors of 60524551.
103, 587617
List the prime factors of 78796951.
89, 885359
List the prime factors of 235282572.
2, 3, 7, 683, 1367
List the prime factors of 24094876.
2, 13, 463363
List the prime factors of 54046542.
2, 3, 11, 818887
List the prime factors of 142851789.
3, 5290807
What are the prime factors of 4055069?
619, 6551
List the prime factors of 24570113.
1471, 16703
What are the prime factors of 3636727685?
5, 23, 1511, 20929
What are the prime factors of 1174119443?
7, 1163, 144223
List the prime factors of 330177722.
2, 7, 1123, 21001
List the prime factors of 5546254.
2, 7, 421, 941
What are the prime factors of 1589286681?
3, 29, 6089221
List the prime factors of 26014476.
2, 3, 2167873
What are the prime factors of 102829094?
2, 59, 317, 2749
List the prime factors of 266593301.
13, 449, 45673
What are the prime factors of 120464845?
5, 19, 1268051
List the prime factors of 77151343.
19, 31, 130987
What are the prime factors of 740690482?
2, 7, 23, 2300281
List the prime factors of 178016110.
2, 5, 17801611
List the prime factors of 194447243.
367, 529829
What are the prime factors of 157973951?
1877, 84163
What are the prime factors of 1814230209?
3, 11, 54976673
List the prime factors of 365953316.
2, 367, 249287
What are the prime factors of 171062475?
3, 5, 2280833
What are the prime factors of 923588666?
2, 7, 11, 13, 461333
List the prime factors of 57970912.
2, 659, 2749
What are the prime factors of 39877502?
2, 7, 41, 69473
List the prime factors of 11858291.
11858291
What are the prime factors of 223046121?
3, 1231, 60397
List the prime factors of 4062474693.
3, 17359, 26003
What are the prime factors of 583201749?
3, 13, 14953891
List the prime factors of 107528147.
223, 482189
What are the prime factors of 1874693244?
2, 3, 156224437
What are the prime factors of 3919298267?
3919298267
List the prime factors of 317802957.
3, 105934319
List the prime factors of 37103373.
3, 31, 97, 457
What are the prime factors of 